{"id":77,"date":"2023-05-13T12:54:40","date_gmt":"2023-05-13T10:54:40","guid":{"rendered":"http:\/\/kmrkxwm.cluster027.hosting.ovh.net\/melissa.tattoo44@gmail.com\/?page_id=77"},"modified":"2024-10-27T12:25:47","modified_gmt":"2024-10-27T11:25:47","slug":"contactez-moi","status":"publish","type":"page","link":"http:\/\/kmrkxwm.cluster027.hosting.ovh.net\/melissa.tattoo44@gmail.com\/index.php\/contactez-moi\/","title":{"rendered":"Contactez moi !"},"content":{"rendered":"\n<hr class=\"wp-block-separator has-css-opacity is-style-default\"\/>\n\n\n\n<p class=\"has-text-align-left has-large-font-size\">T\u00e9l\u00e9phone : <br>06 48 58 10 41<\/p>\n\n\n\n<p class=\"has-text-align-left has-large-font-size\">Studio priv\u00e9 de tatouage :<br> <br>85560 Les Conches<\/p>\n\n\n\n<p class=\"has-large-font-size\"><\/p>\n","protected":false},"excerpt":{"rendered":"<p>T\u00e9l\u00e9phone : 06 48 58 10 41 Studio priv\u00e9 de tatouage : 85560 Les Conches<\/p>\n","protected":false},"author":1,"featured_media":268,"parent":0,"menu_order":0,"comment_status":"closed","ping_status":"closed","template":"","meta":{"footnotes":""},"class_list":["post-77","page","type-page","status-publish","has-post-thumbnail","hentry"],"_links":{"self":[{"href":"http:\/\/kmrkxwm.cluster027.hosting.ovh.net\/melissa.tattoo44@gmail.com\/index.php\/wp-json\/wp\/v2\/pages\/77","targetHints":{"allow":["GET"]}}],"collection":[{"href":"http:\/\/kmrkxwm.cluster027.hosting.ovh.net\/melissa.tattoo44@gmail.com\/index.php\/wp-json\/wp\/v2\/pages"}],"about":[{"href":"http:\/\/kmrkxwm.cluster027.hosting.ovh.net\/melissa.tattoo44@gmail.com\/index.php\/wp-json\/wp\/v2\/types\/page"}],"author":[{"embeddable":true,"href":"http:\/\/kmrkxwm.cluster027.hosting.ovh.net\/melissa.tattoo44@gmail.com\/index.php\/wp-json\/wp\/v2\/users\/1"}],"replies":[{"embeddable":true,"href":"http:\/\/kmrkxwm.cluster027.hosting.ovh.net\/melissa.tattoo44@gmail.com\/index.php\/wp-json\/wp\/v2\/comments?post=77"}],"version-history":[{"count":9,"href":"http:\/\/kmrkxwm.cluster027.hosting.ovh.net\/melissa.tattoo44@gmail.com\/index.php\/wp-json\/wp\/v2\/pages\/77\/revisions"}],"predecessor-version":[{"id":249,"href":"http:\/\/kmrkxwm.cluster027.hosting.ovh.net\/melissa.tattoo44@gmail.com\/index.php\/wp-json\/wp\/v2\/pages\/77\/revisions\/249"}],"wp:featuredmedia":[{"embeddable":true,"href":"http:\/\/kmrkxwm.cluster027.hosting.ovh.net\/melissa.tattoo44@gmail.com\/index.php\/wp-json\/wp\/v2\/media\/268"}],"wp:attachment":[{"href":"http:\/\/kmrkxwm.cluster027.hosting.ovh.net\/melissa.tattoo44@gmail.com\/index.php\/wp-json\/wp\/v2\/media?parent=77"}],"curies":[{"name":"wp","href":"https:\/\/api.w.org\/{rel}","templated":true}]}}